5
What is 0 - -6 - 0 - (3 - -6)?
-3
What is the value of -5 + 8 - (2 + -2 - -1)?
2
Evaluate (-9 - (0 + -11)) + -2.
0
6 + (2 - (2 + 3))
3
What is -6 + -3 + 14 + -5?
0
Evaluate -1 + (1 - (4 - 4)).
0
(-1 - (2 - (7 - 2))) + 2
4
Evaluate 12 + -17 + 10 + -12.
-7
Calculate -6 - (-14 + 8) - (-2 - 2).
4
Evaluate -18 - -13 - (0 - 2).
-3
Evaluate 9 + (0 + 0 - (37 + -36)).
8
-1 + -1 - (-1 + 0 + 0)
-1
Calculate 5 - 4 - ((1 - 1) + -4).
5
-1 - (-2 + 4 + -1) - -7
5
Calculate -4 + -2 + 4 + 1 - -3.
2
Evaluate (-1 + 6 - (5 - 3)) + -3.
0
Calculate (-7 + 0 - -10) + 1 + -6.
-2
What is 0 + -1 + (-1 - -3) + 0?
1
Evaluate 9 + (1 - 5) + -3 + 4.
6
What is the value of 93 - 95 - (0 - 6)?
4
Calculate (10 - (11 - 4)) + 4.
7
Evaluate 3 + -1 - 1 - -2.
3
Evaluate 3 - (-2 + 13 + -3).
-5
-1 + 0 + 11 + -8
2
Evaluate 6 - 2 - (3 - (1 + 2)).
4
What is the value of 2 + (-14 + 19 - (1 + 0))?
6
Evaluate -2 - -3 - (-4 - 0).
5
What is -1 + -13 + 11 + (-2 - 0)?
-5
What is 2 + 1 + 1 + (-11 - -2)?
-5
Calculate 6 - (6 - -3) - -7.
4
What is the value of -4 + (2 - (-2 + -4))?
4
(23 - 4) + 4 + -5 + -7
11
Evaluate 6 + -1 - (-61 + 69).
-3
What is the value of -16 + 3 + 8 + (-1 - -6)?
0
Evaluate (-1 - -11) + -9 + 7.
8
Evaluate 5 - 5 - 2 - (0 - 1).
-1
What is 5 + (0 - (-6 + 12))?
-1
Evaluate -3 + (4 - 12) + 12.
1
What is (-4 - -7) + -1 + -1 - 0?
1
What is the value of -1 - ((22 - 16) + 0 + -10)?
3
What is the value of -5 + (-3 - (-3 - (1 - 1)))?
-5
What is -5 + (-1 - -3) + (4 - 2)?
-1
What is the value of (-4 + 2 - -5) + 1?
4
Evaluate -2 + (-5 - -5) + -1 + 1.
-2
What is the value of (15 + -6 - 3 - 6) + 0?
0
Evaluate -1 - -5 - (-2 - -2 - -8).
-4
Calculate 1 - (-9 - -1 - -13).
-4
What is (-25 - -29) + -9 + 2 + 0?
-3
0 - (1 - 20 - -10)
9
What is -4 + (14 - 11 - (0 - -2))?
-3
Evaluate (-22 - -15) + 2 + (-2 - -4).
-3
Calculate 1 + (4 - 4 - 3).
-2
Evaluate -7 - 1 - (-5 + 4) - -4.
-3
What is the value of -2 - (2 - (1 - -3))?
0
-12 - (-1 + 7 - 5 - 5)
-8
Evaluate (2 - (0 + 0)) + -129 + 131.
4
What is the value of -1 - -7 - (-22 - -27)?
1
(11 - 8) + -9 - -8
2
What is -2 - 1 - (1 - 4)?
0
1 - -3 - (-1 - (-1 - -2))
6
7 - (-4 - (-19 - -7))
-1
What is the value of (-2 + 5 - (0 - -7)) + -2?
-6
What is the value of 6 - (3 + 2 + 3 + -3)?
1
(-4 - 0 - -10) + (0 - 2)
4
Calculate 0 + (-8 - (2 + -14)).
4
(3 - 0 - 5) + -3 - -3
-2
Calculate 2 - (1 + -2 + 3 + 2).
-2
What is 0 - 4 - (-2 + -6)?
4
Evaluate -1 + 0 + 49 + -46.
2
Evaluate (-30 - -28) + (-4 - -1).
-5
2 + (-6 - -1) + (-3 - -8)
2
1 - (3 - -2) - 0
-4
Evaluate (5 - (-3 - -6)) + -4.
-2
Evaluate 4 - (5 + -3 + -3 + 1).
4
What is the value of 1 - 6 - (-6 + 6 + -9)?
4
Evaluate (4 - -18 - 13) + 1 + -6.
4
Evaluate 14 + -7 + -9 + (1 - -5).
4
-4 + -3 + -3 + 22 + -2
10
What is the value of 10 - ((-1 - -1) + 7)?
3
0 - (-40 - -40 - (-1 - -4))
3
(-91 - -72) + 15 + 0
-4
Calculate 14 + -9 + 0 + -1.
4
Calculate -4 + 8 + -12 + 16 - 0.
8
Calculate 6 - (5 + 1 + 5).
-5
What is -2 + 2 - 0 - (4 - 3)?
-1
5 - (-2 + 9 - -2)
-4
Calculate -9 - (-5 + (4 - 13)).
5
Calculate 1 + (-5 - -3 - 0).
-1
-5 - ((-8 - 1) + -5) - 5
4
What is the value of 1 - (4 - (1 - -1))?
-1
Calculate -9 + 1 + (21 + -10 - -2).
5
Calculate 1 + -8 + 2 - -2.
-3
-2 + (4 - -4) + -11
-5
(3 - 6) + 1 + 0 - -2
0
Evaluate -1 - (3 + -4 + 6) - -13.
7
10 + (-12 - (1 - 0))
-3
Evaluate 1 + -1 - (108 + -110).
2
Evaluate -1 - 0 - (-156 - -146).
9
What is (8 - 7) + -5 + 1?
-3
Evaluate 8 - (-3 - (-2 - 6)).
3
Calculate 7 + -7 - (-3 - -8).
-5
2 + 1 + -3 + 0 + -3
-3
Calculate -4 + 10 - (-5 - -6).
5
What is the value of 3 - (-5 + 4 - -2)?
2
What is -1 - (10 - (6 - -8))?
3
-4 + 5 + (1 - -2)
4
Calculate 5 - (2 - (-2 + 4) - -2).
3
-3 + 5 + 2 - (-16 + 16)
4
17 + -9 + -8 + 0
0
What is -12 + (-6 - -11) + 16?
9
Calculate 9 - (-6 - ((0 - -3) + -16)).
2
What is 5 + -1 + (6 - 7) - 7?
-4
What is (-5 - 0) + -4 + 6 + -1?
-4
What is -9 + (4 + -2 - -5)?
-2
What is -4 + -5 + 2 + 2?
-5
Calculate (0 - 0 - 3) + -2 + 5.
0
Calculate 0 + 4 + -2 + -3 + 1.
0
-2 - (-2 + 2 - 5)
3
Evaluate (-14 - -13) + 6 + -3.
2
Calculate 3 + -3 + -2 + (-1 - -5).
2
4 + -4 - (0 - 0 - 2)
2
Calculate -2 - -6 - 6 - (-8 - -4).
2
Evaluate -4 + (-19 - -17) + (5 - 0).
-1
What is the value of 12 - ((20 - -4) + -9)?
-3
What is the value of -6 - 0 - (31 - 30)?
-7
What is -49 + 53 - (-2 - -1)?
5
Evaluate -3 + 0 + (11 - 12).
-4
What is the value of -3 + (2 - -3) + -2 - 6?
-6
Calculate (-4 - (5 - -4) - -6) + 1.
-6
Calculate -3 - (-6 + 2 + -3) - 3.
1
Calculate 0 + -1 + 21 + -17 + 3.
6
(4 + -1 - -5) + (-2 - 2)
4
Evaluate (-14 - (-2 + 0)) + 19.
7
What is (-8 - -7 - -8) + -7?
0
Calculate 14 + -5 - (-6 - -22).
-7
What is the value of 8 + -4 - (7 + 2)?
-5
Evaluate -4 + -3 - (-1 - 0).
-6
What is the value of (1 + -10 - (4 - 7)) + 2?
-4
Calculate 1 + (6 - 3 - 2) - -3.
5
What is (75 - 77) + (-2 + 5 - -1)?
2
Calculate 4 - (6 - 3) - -2.
3
What is 8 + (5 - 11) + -1 - -5?
6
-6 - (4 - ((-4 - -7) + 3))
-4
Calculate (3 - 10) + 5 + 1.
-1
-1 - (-2 + (1 - -4))
-4
1 + -1 + (3 - 8)
-5
What is the value of 1 + -1 - (-3 + 6)?
-3
What is 196 + -199 + -1 + 1 + 1?
-2
Calculate 1 + -4 - (8 - 7).
-4
Evaluate -5 + (2 + 3 - (7 + -8)).
1
Evaluate 5 - ((-1 - 3) + 1) - 1.
7
What is the value of 3 - (4 + (10 - 7))?
-4
Evaluate -1 - -7 - (-4 + -2 + 8).
4
What is -1 + (-5 + 3 - -2)?
-1
Evaluate 9 - (-56 - -63 - (0 + 0)).
2
Evaluate 5 + -16 + 0 + 19.
8
What is the value of (13 - 2 - 3 - 7) + 7?
8
What is (7 - (1 + 5)) + -1?
0
-1 - ((7 - 2) + 14 + -18)
-2
Evaluate (-63 - -65) + (7 + -1 - 1).
7
7 + (20 - 12 - 18)
-3
Calculate 0 - -1 - 1 - (12 - 13).
1
0 + 3 + 3 - (3 - 1)
4
0 + -7 + 7 + -4 + 5
1
Calculate -13 + 9 + -3 + 2.
-5
Calculate -5 + 1 + 6 + 0 + -1.
1
What is -7 + 0 + 7 + 0 + -1?
-1
What is -1 - (-7 + 5 - 6)?
7
Evaluate -1 + 4 + 4 + -4.
3
Calculate 3 + 0 - -1 - (2 - 3).
5
Evaluate -4 - ((-6 - 2) + 6) - -6.
4
What is the value of (1 - 4) + -2 + (3 - -2)?
0
11 + 2 + (-59 - -50)
4
Evaluate 3 + (0 - ((14 - 5) + -5)).
-1
(-8 - (-4 - 1)) + 8
5
(-1 - 1) + (-1 - -1)
-2
3 + 1 + 0 - (-86 - -92)
-2
What is -5 + 12 + 2 + -10?
-1
What is the value of -1 + (-5 - -6 - -1)?
1
What is the value of (2 - (0 - -3)) + 10?
9
(-7 - -14) + -7 - 0
0
(-6 - -2 - -1) + (23 - 21)
-1
What is the value of -4 + 4 + -2 + 2 + -1?
-1
Calculate -2 - (5 - 1 - (6 - -6)).
6
-3 - (-2 + 0 + 2 - -2)
-5
What is the value of (-1 - -3) + (-4 - (2 - -1))?
-5
Calculate 2 + -9 + 1 + 14.
8
What is -6 - (-10 - (11 - 12))?
3
Calculate -12 + (-2 - -2) + 6.
-6
What is the value of -1 - ((4 - (-1 + 2)) + 1)?
-5
(-4 - -10) + 2 + -6
2
What is the value of (5 - (6 - -6)) + 4 - -3?
0
What is (0 - -2 - (-6 - -3)) + -1?
4
Evaluate 3 + 4 - (7 - 1).
1
What is -109 - -107 - (4 - -1)?
-7
Evaluate (-5 + 14 - 4) + -8 + 2.
-1
(9 + -4 - 1) + 1
5
Evaluate -7 - (-2 + -4 - (-8 - -4)).
-5
What is the value of 2 + (3 - 2) + 2?
5
Calculate -2 + (3 + 11 - 5) + -3.
4
What is 4 - (-5 - 1 - -14)?
-4
Evaluate 8 + -10 + 2 + 0 + 2.
2
What is the value of 9 + -13 - 8 - -11?
-1
What is 17 + -10 + (2 - (1 - -3))?
5
What is 33 + -30 + 2 + 0?
5
Calculate -8 - -16 - (0 - -3).
5
-9 + 12 - (1 + (-2 - -6))
-2
3 - (-4 + 10 - (1 - -3))
1
Evaluate (13 - 5) + -13 + 2.
-3
What is 1 - (-1 + 3 + 2) - -2?
-1
-1 + 1 + -5 + 9 + -4
0
111 + -104 + 0 + 2
9
What is 17 - (12 - (-3 + 6))?
8
-7 + 8 + -4 - (2 + -10)
5
What is the value of 4 - (-4 - (-4 + -1) - -1)?
2
What is the value of (0 + -3 - -5) + 2 + -3?
1
What is the value of (0 - 2) + -6 + 5 + 6?
3
Calculate (0 - 0) + -3 - -7.
4
Calculate 25 + -23 - (-1 + -1 + 10).
-6
Calculate -4 - ((0 - -2) + -49 + 36).
7
What is (0 - -1) + (14 - 15)?
0
What is the value of (1 + -3 - (2 - 3)) + 1?
0
What is 9 + -21 + (9 - 5)?
-8
-6 + (13 - (-6 + 7)) + -9
-3
What is the value of (1 - -6) + 16 + -21 - 6?
-4
Evaluate 6 + -20 + (-1 - -5) + 1.
-9
-2 + 11 + (-4 - (3 + 1))
1
What is (7 - -2) + (5 - 2 - 6)?
6
What is (4 - -4) + -5 - (-3 + 6)?
0
(-14 - -7) + -8 - -9
-6
18 + -17 + (1 - -1)
3
Calculate -3 + 1 + 8 + -13.
-7
Evaluate -7 + 1 - (89 + -97).
2
What is 3 + (-1 - 1 - (-7 - -7))?
1
What is (2 - 1) + (2 - (1 - 0))?
2
What is (9 - 4 - 6) + 5?
4
Calculate -1 - (2 + -4 + 4).
-3
What is the value of 4 + 0 + -1 - (4 + -5)?
4
What is the value of 1 + 3 - 0 - (-13 + 12)?
5
What is the value of 8 + (0 - 11) + 11?
8
Calculate -12 + -2 - (13 - 21).
-6
(-2 - (7 + -2) - -2) + 6
1
What is the value of -1 +